{"id":3432,"date":"2019-02-13T13:12:51","date_gmt":"2019-02-13T12:12:51","guid":{"rendered":"https:\/\/www.mydriverparis.com\/semana-de-la-moda\/"},"modified":"2019-02-13T13:12:53","modified_gmt":"2019-02-13T12:12:53","slug":"semana-de-la-moda","status":"publish","type":"page","link":"https:\/\/www.mydriverparis.com\/es\/evento\/semana-de-la-moda\/","title":{"rendered":"Semana de la Moda"},"content":{"rendered":"<p><b><img loading=\"lazy\" decoding=\"async\" width=\"300\" height=\"137\" class=\"alignnone size-medium wp-image-905\" src=\"https:\/\/www.mydriverparis.com\/wp-content\/uploads\/2017\/10\/paris-fashion-week-300x137.jpg\" alt=\"\" srcset=\"https:\/\/www.mydriverparis.com\/wp-content\/uploads\/2017\/10\/paris-fashion-week-300x137.jpg 300w, https:\/\/www.mydriverparis.com\/wp-content\/uploads\/2017\/10\/paris-fashion-week-768x352.jpg 768w, https:\/\/www.mydriverparis.com\/wp-content\/uploads\/2017\/10\/paris-fashion-week-1024x469.jpg 1024w, https:\/\/www.mydriverparis.com\/wp-content\/uploads\/2017\/10\/paris-fashion-week-100x46.jpg 100w, https:\/\/www.mydriverparis.com\/wp-content\/uploads\/2017\/10\/paris-fashion-week.jpg 1170w\" sizes=\"auto, (max-width: 300px) 100vw, 300px\" \/><\/b><\/p>\n<p><b>La Semana de la Moda de Par\u00eds<\/b> es una serie de presentaciones de dise\u00f1adores que se realiza semi-anualmente en Par\u00eds, Francia con eventos anuales de primavera\/verano y oto\u00f1o\/invierno. Las fechas se determinan por la Federaci\u00f3n Francesa de Moda. La semana de la moda se celebra en varios lugares alrededor de toda la ciudad.<\/p>\n<p>Adem\u00e1s de los espect\u00e1culos de colecciones de ropa, tambi\u00e9n hay shows de alta costura para hombres, los cuales se llevan a cabo semi-anualmente para las temporadas de primavera\/verano y oto\u00f1o\/invierno.<\/p>\n<p>Ahora puede contratar a un chofer para la siguiente Semana de la Moda de Par\u00eds.<\/p>\n<p>MyDriverParis usualmente presenta una mayor demanda para la Semana de la Moda de Par\u00eds, as\u00ed que lo mejor es reservar con antelaci\u00f3n para asegurar el autom\u00f3vil de su preferencia.<\/p>\n","protected":false},"excerpt":{"rendered":"","protected":false},"author":1,"featured_media":0,"parent":3510,"menu_order":0,"comment_status":"closed","ping_status":"closed","template":"excursion-template.php","meta":{"om_disable_all_campaigns":false,"footnotes":""},"class_list":["post-3432","page","type-page","status-publish","hentry"],"_links":{"self":[{"href":"https:\/\/www.mydriverparis.com\/es\/wp-json\/wp\/v2\/pages\/3432","targetHints":{"allow":["GET"]}}],"collection":[{"href":"https:\/\/www.mydriverparis.com\/es\/wp-json\/wp\/v2\/pages"}],"about":[{"href":"https:\/\/www.mydriverparis.com\/es\/wp-json\/wp\/v2\/types\/page"}],"author":[{"embeddable":true,"href":"https:\/\/www.mydriverparis.com\/es\/wp-json\/wp\/v2\/users\/1"}],"replies":[{"embeddable":true,"href":"https:\/\/www.mydriverparis.com\/es\/wp-json\/wp\/v2\/comments?post=3432"}],"version-history":[{"count":0,"href":"https:\/\/www.mydriverparis.com\/es\/wp-json\/wp\/v2\/pages\/3432\/revisions"}],"up":[{"embeddable":true,"href":"https:\/\/www.mydriverparis.com\/es\/wp-json\/wp\/v2\/pages\/3510"}],"wp:attachment":[{"href":"https:\/\/www.mydriverparis.com\/es\/wp-json\/wp\/v2\/media?parent=3432"}],"curies":[{"name":"wp","href":"https:\/\/api.w.org\/{rel}","templated":true}]}}

<p><b><img loading="lazy" decoding="async" width="300" height="137" class="alignnone size-medium wp-image-905" src="https://www.mydriverparis.com/wp-content/uploads/2017/10/paris-fashion-week-300x137.jpg" alt="" srcset="https://www.mydriverparis.com/wp-content/uploads/2017/10/paris-fashion-week-300x137.jpg 300w, https://www.mydriverparis.com/wp-content/uploads/2017/10/paris-fashion-week-768x352.jpg 768w, https://www.mydriverparis.com/wp-content/uploads/2017/10/paris-fashion-week-1024x469.jpg 1024w, https://www.mydriverparis.com/wp-content/uploads/2017/10/paris-fashion-week-100x46.jpg 100w, https://www.mydriverparis.com/wp-content/uploads/2017/10/paris-fashion-week.jpg 1170w" sizes="auto, (max-width: 300px) 100vw, 300px" /></b></p>
<p><b>La Semana de la Moda de París</b> es una serie de presentaciones de diseñadores que se realiza semi-anualmente en París, Francia con eventos anuales de primavera/verano y otoño/invierno. Las fechas se determinan por la Federación Francesa de Moda. La semana de la moda se celebra en varios lugares alrededor de toda la ciudad.</p>
<p>Además de los espectáculos de colecciones de ropa, también hay shows de alta costura para hombres, los cuales se llevan a cabo semi-anualmente para las temporadas de primavera/verano y otoño/invierno.</p>
<p>Ahora puede contratar a un chofer para la siguiente Semana de la Moda de París.</p>
<p>MyDriverParis usualmente presenta una mayor demanda para la Semana de la Moda de París, así que lo mejor es reservar con antelación para asegurar el automóvil de su preferencia.</p>
